w**2 - 4*w - 6. Determine x(b).
-6
Let f(s) be the third derivative of s**6/120 - 2*s**5/15 - 3*s**4/8 + s**3 + 16*s**2. What is f(9)?
6
Let z(l) = -l + 5. Suppose -5*j + 19 = 4. Let h(s) = j - 2*s**3 + 4*s**3 + 2*s**3 - 3*s**3 + 4*s**2. Let b be h(-4). Calculate z(b).
2
Let o = -185 + 191. Let v be (12/o - 3)*(7 - 3). Let r(g) = 8*g**2 - g + 17. Let x(s) = 3*s**2 + 6. Let f(d) = -4*r(d) + 11*x(d). Calculate f(v).
-2
Let m(p) be the first derivative of 1/3*p**3 - 1/2*p**2 + 2 + 1/4*p**4 - 4*p. Suppose -2*q + 4*d - 20 = 0, 0*d + 5 = 2*q + d. Give m(q).
-4
Let m(b) = -2*b - 18. Let d(u) = -u - 6. Let y(p) = 7*d(p) - 2*m(p). Determine y(-5).
9
Let n(r) = 4*r**2 + 7*r - 14. Let y(v) = 3*v**2 + 7*v - 13. Let o(s) = 4*n(s) - 5*y(s). Let i(t) = -4*t - 2. Let a be i(-2). Give o(a).
3
Let c(j) = -16*j**2 - 25*j + 21. Let r(y) = -5*y + 4 + y**2 - 9*y**2 + 5*y**2. Let m(i) = 2*c(i) - 11*r(i). Calculate m(-6).
4
Let p(a) be the third derivative of 0*a**3 + 1/720*a**6 + 0 + 7/120*a**5 + 1/24*a**4 + 0*a - 4*a**2. Let c(l) be the second derivative of p(l). Give c(-6).
1
Suppose 0 = -5*n + 2*n. Suppose n = -2*i + 17 - 5. Let y(q) = -6*q**3 + 5*q**2 + q - 8. Let h(g) = g**3 + g + 1. Let a(p) = 5*h(p) + y(p). Calculate a(i).
-3
Let u(z) = z**2 - z + 2. Suppose 15 = -m + 3*g, 2*m + 2*g = m - 15. Let o be 3 + m/12 - (-2)/8. Calculate u(o).
4
Let q(h) be the third derivative of h**4/4 + 2*h**3/3 + 5*h**2. Let y = -203 + 199. Determine q(y).
-20
Let i be ((-12)/8)/((-6)/8). Suppose 5*r + 6 - 22 = -4*s, 8 = i*s + 3*r. Let u be 12/15*30/s. Let v(c) = -c**2 + 5*c + 3. Give v(u).
-3
Suppose -6*f - 422 + 356 = 0. Let x(i) = -i**3 - 11*i**2 - i - 14. Determine x(f).
-3
Let n(l) be the second derivative of l**5/20 - 7*l**4/12 + 7*l**3/6 - 3*l**2 - 4*l + 1. Determine n(6).
0
Suppose 5*i - 16 = 3*b - 19, -3*i + 3*b = -3. Let o(h) = 4*h - 2*h**2 + 2*h**2 + 2*h**2. Determine o(i).
6
Let p(a) = -4*a - 3. Suppose 0 = -7*b - 282 - 40. Let h = 41 + b. Calculate p(h).
17
Let z(d) = 5*d - 3. Let u be (57/38)/((-2)/(-4)). Determine z(u).
12
Suppose 0 = -2*c - c. Let k be (-14)/(-35) - 8/(-5). Let g(l) = l**k - 3*l**2 + l**2 + 2*l - l + 4. Give g(c).
4
Let y(q) = -5*q - 6. Let a(h) = 4*h + 1. Let m(r) = -3*a(r) - 2*y(r). Determine m(6).
-3
Let h be 1 - -8 - (3 - 1). Let x(r) = -r - 9 + 9 + h. Calculate x(6).
1
Let a be 0 - (-5 + -2 + 4). Let i(h) = 3 - 2*h**2 + h - h**3 + 2*h**3 + 0*h**3. Calculate i(a).
15
Let k(y) = 3*y - 2. Let g(t) = t**2 + 4*t - 3. Let a be g(-4). Let j be (-13)/a + 8/(-24). Suppose -j*b = -7*b - 12. Calculate k(b).
-14
Let d(b) = 2*b. Let g be d(1). Suppose 0 = -3*u + u + 4. Let o(j) = 0*j**u + 2*j**g + 2 - 11 - j**2. Give o(0).
-9
Let l = -80 + 85. Let i(s) be the first derivative of 1/2*s**2 + 2 - 7*s. Determine i(l).
-2
Let a(t) be the first derivative of t**4/4 + t**3 - t + 5. Let i be a(-2). Let f(b) = 0 + 3*b**2 + 0 - i*b. What is f(2)?
6
Let h = 13 - 3. Let i(n) = 46*n + 8 - 47*n - 1. Determine i(h).
-3
Let p = -21 + 23. Let t(x) = -10*x - x**3 + 8*x - p*x**2 - 7 - 3*x**2. Suppose 5*i - 5 = -30. Give t(i).
3
Let i(z) = -z**3 + z + 1. Let c be (-14)/(-10) + (-6)/15. Let l(b) = 10*b**3 - 2*b**2 - b - 2. Let r(y) = c*l(y) + 2*i(y). Give r(1).
7
Let m be 3/(-1)*2/2. Let g(c) = 4*c + 2. Let w(r) = -6*r - 5. Let f(l) = m*w(l) - 5*g(l). What is f(8)?
-11
Let m(o) be the first derivative of -5/2*o**2 + 2*o - 14. Calculate m(2).
-8
Let d(c) = -c**3 + c**2 - c - 1. Let m(g) = 3*g**2 + 0*g - g**3 - 3*g**3 - 3*g - 4 - 4*g**3. Let b(i) = -5*d(i) + m(i). What is b(-2)?
13
Suppose 0 = 2*l - 4*c + 8, 10*c - 8*c = -3*l - 12. Let y(m) = -m**3 - 2*m**2 + 5*m - 1. Calculate y(l).
11
Let j(a) be the third derivative of a**6/120 + a**5/15 - a**4/4 + a**3/6 + a**2. Let s = 266 - 271. Determine j(s).
6
Let o(v) = -2*v - 3. Suppose 22*n - 8 = 20*n. Suppose 2*u = n*q + 14, q + 2 = -q. Give o(u).
-13
Let x(a) = -a**3 + 5*a**2 - 2*a + 5. Suppose l + 0*l = -3*p - 83, -3*l + 2*p - 205 = 0. Let k = -66 - l. Determine x(k).
-5
Suppose x + f = 7, 0*x - x - 3 = -4*f. Let w(a) = 3*a + 3. What is w(x)?
18
Let n(o) = 14*o**2 + 14*o + 6. Let k(u) = 5*u**2 + 5*u + 2. Let p(c) = -17*k(c) + 6*n(c). What is p(0)?
2
Let y(c) = c**3 + 2*c**2 + 5*c + 3. Let s = -155 + 153. Give y(s).
-7
Suppose -239 = -2*d - 3*l, 352 = 3*d - 0*d - 2*l. Let h be (-12)/(-90) + d/15. Suppose 0 = 3*t - 10 - h. Let n(z) = z**2 - 5*z + 1. Calculate n(t).
7
Let u(z) = -z**3 - 6*z**2 - 5*z + 5. Let c be ((-42)/9 - -4)*(-120)/(-16). Calculate u(c).
5
Let i(l) be the third derivative of -l**5/15 - 5*l**4/24 + l**3/3 - 328*l**2. What is i(-4)?
-42
Let y(k) be the first derivative of 3 + 1/3*k**3 + 0*k**2 + 1/360*k**6 + 0*k + 1/60*k**5 + 1/6*k**4. Let w(v) be the third derivative of y(v). Calculate w(-3).
7
Let o be 1 + -15 - (-4 - (-6)/(-3)). Let a(c) = -c**2 - 7*c + 5. Give a(o).
-3
Let q(f) = -f**2 - 13*f + 2. Let u(y) = -3*y**2 - 37*y + 5. Let b(z) = 11*q(z) - 4*u(z). Determine b(-6).
8
Let v = -2 - 49. Let h = 56 + v. Let w(f) = 7*f**3 + f**2 + f. Let y(a) = -20*a**3 - 2*a**2 - 3*a - 1. Let j(q) = -17*w(q) - 6*y(q). Calculate j(h).
11
Let s = 136 - 127. Let a(g) = 22*g - 6 - s*g - 7*g - 5*g. Calculate a(-6).
-12
Let p(t) be the second derivative of t**3/6 + 3*t - 30. Determine p(-8).
-8
Let o(n) = -2*n + 5 - 5*n + n. Let f(q) be the second derivative of -q**3/6 + q**2/2 - 7*q + 1. Let t(v) = 11*f(v) - 2*o(v). What is t(6)?
7
Let k be 4/(-8) - 132/(-8). Let n(q) = -15*q - k*q + 5 - 2 + 30*q. Calculate n(-7).
10
Let h(r) = 150*r - 17. Let f be h(6). Let s(q) = 5*q**2 - 882*q**3 + 0*q + 3*q + f*q**3. Calculate s(-4).
4
Let b = -94 + 51. Let s = b + 49. Let q(h) = -h**3 + 5*h**2 + 3*h + 5. Let o(y) = y**3 - 5*y**2 - 2*y - 6. Let v(z) = -4*o(z) - 5*q(z). Give v(s).
-7
Let z(u) = u**3 + 6*u**2 - 4*u + 14. Suppose -41 - 176 = 31*p. Determine z(p).
-7
Let h(i) = -i**2 + 10464*i + 0 + 4*i**2 + 1 + 1 - 10467*i. Determine h(2).
8
Let d(h) be the first derivative of h**2 - 13*h + 3. Let p = 101 - 91. Determine d(p).
7
Let y(c) be the first derivative of c**4/4 + 5*c**3/3 - 6*c - 10. What is y(-4)?
10
Let u(q) = -3*q**2 + 26*q + 12. Let k = 1 - -7. Let s(r) = r**2 - 9*r - 4. Let n(c) = k*s(c) + 3*u(c). Give n(5).
9
Suppose -v - 3*v = -5*i + 2, i - 2 = 0. Let p(h) = 3*h**2 - v*h - 2*h**3 - h**3 + 2*h**2 + 4*h**3 - 6. Give p(-5).
4
Let w(u) = 4*u**3 + 2*u**2 + 2*u - 1. Suppose 3*f - 3*m = -15, 0 = 5*f + 5*m - 0 - 5. Calculate w(f).
-29
Suppose -69 = 57*q - 12. Let y(c) = -11*c**2 + c. Determine y(q).
-12
Let q be 0 + -1 - (-15)/5. Let j(a) be the first derivative of -2*a**2 + 4 - 1/4*a**4 + 3*a + a**3. Give j(q).
-1
Let o(l) be the second derivative of -1/20*l**5 - 23*l + 1/6*l**3 + 5/12*l**4 + 0 + 5/2*l**2. Give o(4).
25
Let o(t) = 15 - 3 - t + 0*t. Suppose 9*z = -2*z. Give o(z).
12
Let i be (-3)/(-9*1)*5*33/11. Let j(t) = -t**3 + 2*t**2 + 4*t - 1. Let o be j(3). Let y(g) = 3*g - 6 - o*g + 0*g. What is y(i)?
-1
Let c be ((-3)/(-12)*2)/((-55)/990). Let d(f) = -2*f - 9. Determine d(c).
9
Let h be (-6)/4 - (-11)/2. Let c(m) be the first derivative of -m**4/4 + 5*m**3/3 - 5*m**2/2 + 5*m - 33. What is c(h)?
1
Let g(c) = -c**3 + 6*c**2 + c + 6. Let d be g(7). Let y = d + 33. Let s(m) = m + 1. Calculate s(y).
-2
Let j(n) = 5*n. Let a be j(-1). Let k(p) be the first derivative of -p**4/4 - 4*p**3/3 + p**2/2 - 6*p + 412. Determine k(a).
14
Let c(v) = -v**3 + 7*v**2 - 6*v + 7. Suppose 0 = -g - a - 4, -5*a = g - 3*g - 8. Let d be g + (1 - (-2 - 2)) + 5. Give c(d).
7
Let u(j) = 29*j**2 - 51*j**2 + 21*j**2 + 23 - 3*j**3 + 4*j**3. Determine u(0).
23
Let g(l) = 18*l**2 + 2*l + 1. Suppose 5*s + 12 = w, -4*w - w + 10 = 0. Let o be (16/(-24))/(s + 16/6). What is g(o)?
17
Suppose 10*j - 1197 = -1357. Let s(c) = -c**3 - 17*c**2 - 15*c + 12. Determine s(j).
-4
Suppose 5*a = -0*a + 15. Let n(k) = -19 + 3*k**2 - 6*k + 10 + 8*k + 7 - k - k**3. Determine n(a).
1
Suppose 2*y + 4*p = 28, -5*y + 42 = 6*p - 3*p. Suppose 8 = y*h - 2*h. Let m(b) = 5*b + 2*b**2 - h*b - 3*b**2 + 5. Give m(4).
1
Let l(o) be the second derivative of o**3/6 - 5*o**2 + 2*o. Let m = 283 - 275. What is l(m)?
-2
Let a(q) = 16 - 19 - q - 29*q**3 + 3*q**2 + 30*q**3 - 4*q**2. Let m be -1 + (2*-1)/(-2). What is a(m)?
-3
Suppose 73 + 11 = -28*i. Let y(n) = n**3 - n - 1 - 3 - 4*n**2 - 2*n**3.